y 565.
491
Calculate the remainder when 244313 is divided by 81434.
11
Calculate the remainder when 82061 is divided by 78.
5
What is the remainder when 2327 is divided by 120?
47
Calculate the remainder when 128445 is divided by 152.
5
Calculate the remainder when 59057 is divided by 102.
101
Calculate the remainder when 7935 is divided by 39.
18
What is the remainder when 9750 is divided by 348?
6
Calculate the remainder when 717480 is divided by 119580.
0
Calculate the remainder when 6100 is divided by 100.
0
Calculate the remainder when 19238 is divided by 876.
842
Calculate the remainder when 603 is divided by 389.
214
What is the remainder when 545372 is divided by 24?
20
Calculate the remainder when 313546 is divided by 102.
100
What is the remainder when 9468 is divided by 549?
135
Calculate the remainder when 566792 is divided by 17.
12
Calculate the remainder when 97962 is divided by 601.
600
Calculate the remainder when 3378 is divided by 322.
158
What is the remainder when 19043 is divided by 1583?
47
Calculate the remainder when 596 is divided by 294.
8
Calculate the remainder when 48144 is divided by 580.
4
Calculate the remainder when 4370 is divided by 294.
254
What is the remainder when 47901 is divided by 5320?
21
What is the remainder when 891 is divided by 130?
111
Calculate the remainder when 39076 is divided by 876.
532
Calculate the remainder when 1515 is divided by 353.
103
Calculate the remainder when 4894 is divided by 487.
24
What is the remainder when 54113 is divided by 54084?
29
What is the remainder when 3210 is divided by 1777?
1433
Calculate the remainder when 28504 is divided by 110.
14
Calculate the remainder when 1236 is divided by 476.
284
What is the remainder when 4123 is divided by 242?
9
What is the remainder when 6787 is divided by 485?
482
What is the remainder when 894 is divided by 198?
102
Calculate the remainder when 1219953 is divided by 34.
33
Calculate the remainder when 63566 is divided by 321.
8
Calculate the remainder when 3503 is divided by 79.
27
What is the remainder when 6963 is divided by 688?
83
What is the remainder when 329 is divided by 237?
92
What is the remainder when 100573 is divided by 33515?
28
Calculate the remainder when 2246 is divided by 732.
50
Calculate the remainder when 4538 is divided by 580.
478
What is the remainder when 9229 is divided by 260?
129
What is the remainder when 86766 is divided by 9?
6
Calculate the remainder when 22632 is divided by 70.
22
Calculate the remainder when 13199 is divided by 1088.
143
What is the remainder when 6086 is divided by 400?
86
Calculate the remainder when 5385 is divided by 56.
9
Calculate the remainder when 9898 is divided by 4916.
66
What is the remainder when 435955 is divided by 9?
4
Calculate the remainder when 298699 is divided by 25.
24
Calculate the remainder when 2725 is divided by 1355.
15
Calculate the remainder when 95450 is divided by 892.
6
What is the remainder when 9702 is divided by 1069?
81
What is the remainder when 45103 is divided by 479?
77
Calculate the remainder when 31849 is divided by 91.
90
Calculate the remainder when 4860 is divided by 1177.
152
What is the remainder when 3446 is divided by 673?
81
Calculate the remainder when 14020 is divided by 29.
13
What is the remainder when 1015125 is divided by 8?
5
Calculate the remainder when 53357 is divided by 147.
143
Calculate the remainder when 9285 is divided by 36.
33
What is the remainder when 731204 is divided by 308?
12
What is the remainder when 30339 is divided by 82?
81
What is the remainder when 132947 is divided by 56?
3
What is the remainder when 1626893 is divided by 7?
2
Calculate the remainder when 53340 is divided by 56.
28
What is the remainder when 51733 is divided by 77?
66
What is the remainder when 4361 is divided by 4011?
350
What is the remainder when 21931 is divided by 98?
77
Calculate the remainder when 1509 is divided by 63.
60
Calculate the remainder when 3562 is divided by 921.
799
Calculate the remainder when 10149 is divided by 9.
6
What is the remainder when 5383 is divided by 389?
326
Calculate the remainder when 11776 is divided by 11766.
10
Calculate the remainder when 8058 is divided by 1602.
48
Calculate the remainder when 12320 is divided by 4097.
29
What is the remainder when 1937 is divided by 965?
7
What is the remainder when 32445 is divided by 8101?
41
Calculate the remainder when 456 is divided by 25.
6
What is the remainder when 7756 is divided by 2567?
55
What is the remainder when 3143 is divided by 1146?
851
What is the remainder when 10454 is divided by 85?
84
Calculate the remainder when 135072 is divided by 220.
212
What is the remainder when 2306 is divided by 1097?
112
What is the remainder when 2049 is divided by 409?
4
Calculate the remainder when 18014 is divided by 53.
47
What is the remainder when 796496 is divided by 354?
350
Calculate the remainder when 4266 is divided by 507.
210
What is the remainder when 2624 is divided by 565?
364
Calculate the remainder when 372896 is divided by 713.
710
Calculate the remainder when 180385 is divided by 28.
9
Calculate the remainder when 6980 is divided by 630.
50
Calculate the remainder when 28310 is divided by 124.
38
Calculate the remainder when 1675454 is divided by 1504.
1502
What is the remainder when 3677 is divided by 2?
1
What is the remainder when 5303 is divided by 48?
23
What is the remainder when 226748 is divided by 170?
138
Calculate the remainder when 6108 is divided by 26.
24
What is the remainder when 3111074 is divided by 75?
74
What is the remainder when 93198 is divided by 5172?
102
Calculate the remainder when 3606 is divided by 765.
546
What is the remainder when 12368 is divided by 39?
5
What is the remainder when 6621 is divided by 25?
21
Calculate the remainder when 1563 is divided by 220.
23
Calculate the remainder when 655324 is divided by 172.
4
What is the remainder when 6910 is divided by 199?
144
Calculate the remainder when 2828 is divided by 2776.
52
What is the remainder when 41455 is divided by 13816?
7
Calculate the remainder when 564375 is divided by 184.
47
What is the remainder when 162011 is divided by 13499?
23
Calculate the remainder when 66945 is divided by 260.
125
Calculate the remainder when 1677 is divided by 66.
27
What is the remainder when 1070 is divided by 605?
465
What is the remainder when 228449 is divided by 38073?
11
What is the remainder when 120968 is divided by 5?
3
What is the remainder when 1061577 is divided by 44232?
9
What is the remainder when 48837 is divided by 27?
21
Calculate the remainder when 484831 is divided by 872.
871
Calculate the remainder when 1656 is divided by 811.
34
Calculate the remainder when 417078 is divided by 107.
99
What is the remainder when 71733 is divided by 2986?
69
What is the remainder when 8603 is divided by 32?
27
Calculate the remainder when 184 is divided by 24.
16
What is the remainder when 24752 is divided by 19?
14
What is the remainder when 38125 is divided by 21?
10
Calculate the remainder when 427724 is divided by 402.
398
What is the remainder when 2124616 is divided by 38?
36
Calculate the remainder when 12538 is divided by 2088.
10
Calculate the remainder when 11282 is divided by 68.
62
What is the remainder when 2660109 is divided by 56?
53
Calculate the remainder when 1412 is divided by 220.
92
Calculate the remainder when 73806 is divided by 112.
110
Calculate the remainder when 16024 is divided by 415.
254
What is the remainder when 654651 is divided by 33?
30
What is the remainder when 2101 is divided by 220?
121
Calculate the remainder when 404722 is divided by 18.
10
Calculate the remainder when 65969 is divided by 880.
849
What is the remainder when 3985 is divided by 995?
5
Calculate the remainder when 18072 is divided by 1063.
1
What is the remainder when 2231 is divided by 19?
8
Calculate the remainder when 10028 is divided by 996.
68
Calculate the remainder when 1941 is divided by 18.
15
What is the remainder when 7182 is divided by 300?
282
Calculate the remainder when 6976 is divided by 694.
36
Calculate the remainder when 44976 is divided by 518.
428
Calculate the remainder when 108911 is divided by 789.
29
What is the remaind